{"id":2,"date":"2021-08-09T18:15:18","date_gmt":"2021-08-09T16:15:18","guid":{"rendered":"http:\/\/auto-ecole-du-golfe.fr\/?page_id=2"},"modified":"2022-01-18T19:30:13","modified_gmt":"2022-01-18T18:30:13","slug":"2-roues","status":"publish","type":"page","link":"https:\/\/auto-ecole-du-golfe.fr\/index.php\/2-roues\/","title":{"rendered":"2 roues"},"content":{"rendered":"\t\t<div data-elementor-type=\"wp-page\" data-elementor-id=\"2\" class=\"elementor elementor-2\">\n\t\t\t\t\t\t<section class=\"elementor-section elementor-top-section elementor-element elementor-element-aa9be8c elementor-section-boxed elementor-section-height-default elementor-section-height-default\" data-id=\"aa9be8c\" data-element_type=\"section\">\n\t\t\t\t\t\t<div class=\"elementor-container elementor-column-gap-default\">\n\t\t\t\t\t<div class=\"elementor-column elementor-col-100 elementor-top-column elementor-element elementor-element-7b429234\" data-id=\"7b429234\" data-element_type=\"column\">\n\t\t\t<div class=\"elementor-widget-wrap elementor-element-populated\">\n\t\t\t\t\t\t<div class=\"elementor-element elementor-element-3d4b7cae elementor-widget elementor-widget-text-editor\" data-id=\"3d4b7cae\" data-element_type=\"widget\" data-widget_type=\"text-editor.default\">\n\t\t\t\t<div class=\"elementor-widget-container\">\n\t\t\t<style>\/*! elementor - v3.20.0 - 11-03-2024 *\/\n.elementor-widget-text-editor.elementor-drop-cap-view-stacked .elementor-drop-cap{background-color:#69727d;color:#fff}.elementor-widget-text-editor.elementor-drop-cap-view-framed .elementor-drop-cap{color:#69727d;border:3px solid;background-color:transparent}.elementor-widget-text-editor:not(.elementor-drop-cap-view-default) .elementor-drop-cap{margin-top:8px}.elementor-widget-text-editor:not(.elementor-drop-cap-view-default) .elementor-drop-cap-letter{width:1em;height:1em}.elementor-widget-text-editor .elementor-drop-cap{float:left;text-align:center;line-height:1;font-size:50px}.elementor-widget-text-editor .elementor-drop-cap-letter{display:inline-block}<\/style>\t\t\t\t<p><!-- wp:heading --><\/p>\n<h2>Formation aux permis 2 roues \u00e0 Golfe-Juan<\/h2>\n<p><!-- \/wp:heading --><\/p>\n<p><!-- wp:paragraph --><\/p>\n<p><strong>Quels que soient votre \u00e2ge et le type de 2 roues que vous souhaitez conduire, une formation et \/ ou un permis sont obligatoires.<\/strong><\/p>\n<p><!-- \/wp:paragraph --><\/p>\n<p><!-- wp:paragraph --><\/p>\n<p>Nous vous proposons une gamme compl\u00e8te de formations \u00e0 la conduite de tous types de 2 roues sur circuit et en circulation.<\/p>\n<p><!-- \/wp:paragraph --><\/p>\n<p><!-- wp:columns --><\/p>\n<div class=\"wp-block-columns\">\n<p><!-- wp:column --><\/p>\n<div class=\"wp-block-column\">\n<p><!-- wp:heading {\"level\":3} --><\/p>\n<h3>Les diff\u00e9rents permis 2 roues<\/h3>\n<p><!-- \/wp:heading --><\/p>\n<p><!-- wp:paragraph --><\/p>\n<p>Les permis moto A1(125) et A2(600) sont pr\u00e9par\u00e9s <strong>via des sessions de plateau sur circuit <\/strong>et via une circulation ordinaire en ville, montagne et sur voies rapides.<\/p>\n<p><!-- \/wp:paragraph --><\/p>\n<p><!-- wp:paragraph --><\/p>\n<p>Le permis A1 permt de <strong>conduire une moto, un scooter et divers v\u00e9hicules<\/strong>, cette formation comprend 2 heures de th\u00e9orie, 2 heures de plateau et 3 heures de circulation sur moto ou scooter, au choix.<\/p>\n<p><!-- \/wp:paragraph --><\/p>\n<p><!-- wp:paragraph --><\/p>\n<p>Le permis AM permet de conduire d\u00e8s 14 ans des cyclomoteurs (moins de 50 cm3) et des voiturettes. Elle comprend des \u00e9changes li\u00e9s \u00e0 la conduite, une formation au code de la route, une sensibilisation aux risques routiers et une formation sur circuit et en circulation.<\/p>\n<p><!-- \/wp:paragraph --><\/p>\n<p><!-- wp:paragraph --><\/p>\n<p>La Passerelle A2 vers A, il est important de savoir que toute personne passant le permis A2 est brid\u00e9e \u00e0 47,5 cv pendant une p\u00e9riode de 2ans. Une fois cette p\u00e9riode \u00e9coul\u00e9e, cette formation de 7 heures permet de confirmer le permis moto A, et de <strong>conduire des motos de toute puissance et cylindr\u00e9e<\/strong>.<\/p>\n<p><!-- \/wp:paragraph --><\/p>\n<p><!-- wp:paragraph --><\/p>\n\n<p><!-- \/wp:paragraph --><\/p>\n<\/div>\n<p><!-- \/wp:column --><\/p>\n<p><!-- wp:column --><\/p>\n<div class=\"wp-block-column\">\n<p><!-- wp:image {\"id\":393,\"sizeSlug\":\"large\",\"linkDestination\":\"none\"} --><\/p>\n<figure class=\"wp-block-image size-large\"><img fetchpriority=\"high\" decoding=\"async\" width=\"1024\" height=\"1024\" src=\"https:\/\/auto-ecole-du-golfe.fr\/wp-content\/uploads\/2021\/09\/moto6-1024x1024.jpg\" alt=\"\" class=\"wp-image-393\" srcset=\"https:\/\/auto-ecole-du-golfe.fr\/wp-content\/uploads\/2021\/09\/moto6-1024x1024.jpg 1024w, https:\/\/auto-ecole-du-golfe.fr\/wp-content\/uploads\/2021\/09\/moto6-300x300.jpg 300w, https:\/\/auto-ecole-du-golfe.fr\/wp-content\/uploads\/2021\/09\/moto6-150x150.jpg 150w, https:\/\/auto-ecole-du-golfe.fr\/wp-content\/uploads\/2021\/09\/moto6-768x768.jpg 768w, https:\/\/auto-ecole-du-golfe.fr\/wp-content\/uploads\/2021\/09\/moto6.jpg 1080w\" sizes=\"(max-width: 1024px) 100vw, 1024px\" \/><\/figure>\n<p><!-- \/wp:image --><\/p>\n<\/div>\n<p><!-- \/wp:column --><\/p><\/div><p><!-- \/wp:columns --><\/p>\t\t\t\t\t\t<\/div>\n\t\t\t\t<\/div>\n\t\t\t\t\t<\/div>\n\t\t<\/div>\n\t\t\t\t\t<\/div>\n\t\t<\/section>\n\t\t\t\t<section class=\"elementor-section elementor-top-section elementor-element elementor-element-d8d4ab4 elementor-section-boxed elementor-section-height-default elementor-section-height-default\" data-id=\"d8d4ab4\" data-element_type=\"section\">\n\t\t\t\t\t\t<div class=\"elementor-container elementor-column-gap-default\">\n\t\t\t\t\t<div class=\"elementor-column elementor-col-50 elementor-top-column elementor-element elementor-element-7f30421\" data-id=\"7f30421\" data-element_type=\"column\">\n\t\t\t<div class=\"elementor-widget-wrap elementor-element-populated\">\n\t\t\t\t\t\t<div class=\"elementor-element elementor-element-9674b7c elementor-align-center elementor-widget elementor-widget-button\" data-id=\"9674b7c\" data-element_type=\"widget\" data-widget_type=\"button.default\">\n\t\t\t\t<div class=\"elementor-widget-container\">\n\t\t\t\t\t<div class=\"elementor-button-wrapper\">\n\t\t\t<a class=\"elementor-button elementor-button-link elementor-size-sm elementor-animation-pulse\" href=\"https:\/\/auto-ecole-du-golfe.fr\/index.php\/2-roues\/permis-moto\/\">\n\t\t\t\t\t\t<span class=\"elementor-button-content-wrapper\">\n\t\t\t\t\t\t<span class=\"elementor-button-text\">Permis Moto<\/span>\n\t\t<\/span>\n\t\t\t\t\t<\/a>\n\t\t<\/div>\n\t\t\t\t<\/div>\n\t\t\t\t<\/div>\n\t\t\t\t\t<\/div>\n\t\t<\/div>\n\t\t\t\t<div class=\"elementor-column elementor-col-50 elementor-top-column elementor-element elementor-element-008afc1\" data-id=\"008afc1\" data-element_type=\"column\">\n\t\t\t<div class=\"elementor-widget-wrap elementor-element-populated\">\n\t\t\t\t\t\t<div class=\"elementor-element elementor-element-8d52c6a elementor-align-center elementor-widget elementor-widget-button\" data-id=\"8d52c6a\" data-element_type=\"widget\" data-widget_type=\"button.default\">\n\t\t\t\t<div class=\"elementor-widget-container\">\n\t\t\t\t\t<div class=\"elementor-button-wrapper\">\n\t\t\t<a class=\"elementor-button elementor-button-link elementor-size-sm elementor-animation-pulse\" href=\"https:\/\/auto-ecole-du-golfe.fr\/index.php\/2-roues\/permis-am-bsr\/\">\n\t\t\t\t\t\t<span class=\"elementor-button-content-wrapper\">\n\t\t\t\t\t\t<span class=\"elementor-button-text\">Permis AM<\/span>\n\t\t<\/span>\n\t\t\t\t\t<\/a>\n\t\t<\/div>\n\t\t\t\t<\/div>\n\t\t\t\t<\/div>\n\t\t\t\t\t<\/div>\n\t\t<\/div>\n\t\t\t\t\t<\/div>\n\t\t<\/section>\n\t\t\t\t<\/div>\n\t\t","protected":false},"excerpt":{"rendered":"<p>Formation aux permis 2 roues \u00e0 Golfe-Juan Quels que soient votre \u00e2ge et le type de 2 roues que vous souhaitez conduire, une formation et \/ ou un permis sont obligatoires. Nous vous proposons une gamme compl\u00e8te de formations \u00e0 la conduite de tous types de 2 roues sur circuit et en circulation. Les diff\u00e9rents &hellip; <\/p>\n<p class=\"link-more\"><a href=\"https:\/\/auto-ecole-du-golfe.fr\/index.php\/2-roues\/\" class=\"more-link\">Lire la suite de<span class=\"screen-reader-text\">\u00ab\u00a02 roues\u00a0\u00bb<\/span><\/a><\/p>\n","protected":false},"author":1,"featured_media":0,"parent":0,"menu_order":4,"comment_status":"closed","ping_status":"closed","template":"","meta":{"footnotes":""},"yoast_head":"<!-- This site is optimized with the Yoast SEO plugin v22.2 - https:\/\/yoast.com\/wordpress\/plugins\/seo\/ -->\n<title>[Auto \u00c9cole du Golfe] Permis Moto VALLAURIS GOLFE-JUAN 06220<\/title>\n<meta name=\"description\" content=\"Le permis A1 permet de conduire les v\u00e9hicules suivants : Moto l\u00e9g\u00e8re (avec ou sans side-car) d&#039;une cylindr\u00e9e maximale de 125 cm\u00b3, d&#039;une puissance n&#039;exc\u00e9dant pas 11 kW et dont le rapport puissance\/poids ne d\u00e9passe pas 0,1 kW \/kg. 3 roues d&#039;une puissance maximale de 15 kW.\" \/>\n<meta name=\"robots\" content=\"index, follow, max-snippet:-1, max-image-preview:large, max-video-preview:-1\" \/>\n<link rel=\"canonical\" href=\"https:\/\/auto-ecole-du-golfe.fr\/index.php\/2-roues\/\" \/>\n<meta property=\"og:locale\" content=\"fr_FR\" \/>\n<meta property=\"og:type\" content=\"article\" \/>\n<meta property=\"og:title\" content=\"[Auto \u00c9cole du Golfe] Permis Moto VALLAURIS GOLFE-JUAN 06220\" \/>\n<meta property=\"og:description\" content=\"Le permis A1 permet de conduire les v\u00e9hicules suivants : Moto l\u00e9g\u00e8re (avec ou sans side-car) d&#039;une cylindr\u00e9e maximale de 125 cm\u00b3, d&#039;une puissance n&#039;exc\u00e9dant pas 11 kW et dont le rapport puissance\/poids ne d\u00e9passe pas 0,1 kW \/kg. 3 roues d&#039;une puissance maximale de 15 kW.\" \/>\n<meta property=\"og:url\" content=\"https:\/\/auto-ecole-du-golfe.fr\/index.php\/2-roues\/\" \/>\n<meta property=\"article:publisher\" content=\"https:\/\/www.facebook.com\/autoecoledugolfe\" \/>\n<meta property=\"article:modified_time\" content=\"2022-01-18T18:30:13+00:00\" \/>\n<meta property=\"og:image\" content=\"https:\/\/auto-ecole-du-golfe.fr\/wp-content\/uploads\/2021\/09\/moto6-1024x1024.jpg\" \/>\n<meta name=\"twitter:card\" content=\"summary_large_image\" \/>\n<meta name=\"twitter:label1\" content=\"Dur\u00e9e de lecture estim\u00e9e\" \/>\n\t<meta name=\"twitter:data1\" content=\"2 minutes\" \/>\n<script type=\"application\/ld+json\" class=\"yoast-schema-graph\">{\"@context\":\"https:\/\/schema.org\",\"@graph\":[{\"@type\":\"WebPage\",\"@id\":\"https:\/\/auto-ecole-du-golfe.fr\/index.php\/2-roues\/\",\"url\":\"https:\/\/auto-ecole-du-golfe.fr\/index.php\/2-roues\/\",\"name\":\"[Auto \u00c9cole du Golfe] Permis Moto VALLAURIS GOLFE-JUAN 06220\",\"isPartOf\":{\"@id\":\"https:\/\/auto-ecole-du-golfe.fr\/#website\"},\"primaryImageOfPage\":{\"@id\":\"https:\/\/auto-ecole-du-golfe.fr\/index.php\/2-roues\/#primaryimage\"},\"image\":{\"@id\":\"https:\/\/auto-ecole-du-golfe.fr\/index.php\/2-roues\/#primaryimage\"},\"thumbnailUrl\":\"https:\/\/auto-ecole-du-golfe.fr\/wp-content\/uploads\/2021\/09\/moto6-1024x1024.jpg\",\"datePublished\":\"2021-08-09T16:15:18+00:00\",\"dateModified\":\"2022-01-18T18:30:13+00:00\",\"description\":\"Le permis A1 permet de conduire les v\u00e9hicules suivants : Moto l\u00e9g\u00e8re (avec ou sans side-car) d'une cylindr\u00e9e maximale de 125 cm\u00b3, d'une puissance n'exc\u00e9dant pas 11 kW et dont le rapport puissance\/poids ne d\u00e9passe pas 0,1 kW \/kg. 3 roues d'une puissance maximale de 15 kW.\",\"breadcrumb\":{\"@id\":\"https:\/\/auto-ecole-du-golfe.fr\/index.php\/2-roues\/#breadcrumb\"},\"inLanguage\":\"fr-FR\",\"potentialAction\":[{\"@type\":\"ReadAction\",\"target\":[\"https:\/\/auto-ecole-du-golfe.fr\/index.php\/2-roues\/\"]}]},{\"@type\":\"ImageObject\",\"inLanguage\":\"fr-FR\",\"@id\":\"https:\/\/auto-ecole-du-golfe.fr\/index.php\/2-roues\/#primaryimage\",\"url\":\"https:\/\/auto-ecole-du-golfe.fr\/wp-content\/uploads\/2021\/09\/moto6.jpg\",\"contentUrl\":\"https:\/\/auto-ecole-du-golfe.fr\/wp-content\/uploads\/2021\/09\/moto6.jpg\",\"width\":1080,\"height\":1080},{\"@type\":\"BreadcrumbList\",\"@id\":\"https:\/\/auto-ecole-du-golfe.fr\/index.php\/2-roues\/#breadcrumb\",\"itemListElement\":[{\"@type\":\"ListItem\",\"position\":1,\"name\":\"Accueil\",\"item\":\"https:\/\/auto-ecole-du-golfe.fr\/\"},{\"@type\":\"ListItem\",\"position\":2,\"name\":\"2 roues\"}]},{\"@type\":\"WebSite\",\"@id\":\"https:\/\/auto-ecole-du-golfe.fr\/#website\",\"url\":\"https:\/\/auto-ecole-du-golfe.fr\/\",\"name\":\"\",\"description\":\"\",\"publisher\":{\"@id\":\"https:\/\/auto-ecole-du-golfe.fr\/#organization\"},\"potentialAction\":[{\"@type\":\"SearchAction\",\"target\":{\"@type\":\"EntryPoint\",\"urlTemplate\":\"https:\/\/auto-ecole-du-golfe.fr\/?s={search_term_string}\"},\"query-input\":\"required name=search_term_string\"}],\"inLanguage\":\"fr-FR\"},{\"@type\":\"Organization\",\"@id\":\"https:\/\/auto-ecole-du-golfe.fr\/#organization\",\"name\":\"Auto ecole du Golfe\",\"url\":\"https:\/\/auto-ecole-du-golfe.fr\/\",\"logo\":{\"@type\":\"ImageObject\",\"inLanguage\":\"fr-FR\",\"@id\":\"https:\/\/auto-ecole-du-golfe.fr\/#\/schema\/logo\/image\/\",\"url\":\"https:\/\/auto-ecole-du-golfe.fr\/wp-content\/uploads\/2021\/12\/cropped-logo.jpg\",\"contentUrl\":\"https:\/\/auto-ecole-du-golfe.fr\/wp-content\/uploads\/2021\/12\/cropped-logo.jpg\",\"width\":512,\"height\":512,\"caption\":\"Auto ecole du Golfe\"},\"image\":{\"@id\":\"https:\/\/auto-ecole-du-golfe.fr\/#\/schema\/logo\/image\/\"},\"sameAs\":[\"https:\/\/www.facebook.com\/autoecoledugolfe\"]}]}<\/script>\n<!-- \/ Yoast SEO plugin. -->","yoast_head_json":{"title":"[Auto \u00c9cole du Golfe] Permis Moto VALLAURIS GOLFE-JUAN 06220","description":"Le permis A1 permet de conduire les v\u00e9hicules suivants : Moto l\u00e9g\u00e8re (avec ou sans side-car) d'une cylindr\u00e9e maximale de 125 cm\u00b3, d'une puissance n'exc\u00e9dant pas 11 kW et dont le rapport puissance\/poids ne d\u00e9passe pas 0,1 kW \/kg. 3 roues d'une puissance maximale de 15 kW.","robots":{"index":"index","follow":"follow","max-snippet":"max-snippet:-1","max-image-preview":"max-image-preview:large","max-video-preview":"max-video-preview:-1"},"canonical":"https:\/\/auto-ecole-du-golfe.fr\/index.php\/2-roues\/","og_locale":"fr_FR","og_type":"article","og_title":"[Auto \u00c9cole du Golfe] Permis Moto VALLAURIS GOLFE-JUAN 06220","og_description":"Le permis A1 permet de conduire les v\u00e9hicules suivants : Moto l\u00e9g\u00e8re (avec ou sans side-car) d'une cylindr\u00e9e maximale de 125 cm\u00b3, d'une puissance n'exc\u00e9dant pas 11 kW et dont le rapport puissance\/poids ne d\u00e9passe pas 0,1 kW \/kg. 3 roues d'une puissance maximale de 15 kW.","og_url":"https:\/\/auto-ecole-du-golfe.fr\/index.php\/2-roues\/","article_publisher":"https:\/\/www.facebook.com\/autoecoledugolfe","article_modified_time":"2022-01-18T18:30:13+00:00","og_image":[{"url":"https:\/\/auto-ecole-du-golfe.fr\/wp-content\/uploads\/2021\/09\/moto6-1024x1024.jpg"}],"twitter_card":"summary_large_image","twitter_misc":{"Dur\u00e9e de lecture estim\u00e9e":"2 minutes"},"schema":{"@context":"https:\/\/schema.org","@graph":[{"@type":"WebPage","@id":"https:\/\/auto-ecole-du-golfe.fr\/index.php\/2-roues\/","url":"https:\/\/auto-ecole-du-golfe.fr\/index.php\/2-roues\/","name":"[Auto \u00c9cole du Golfe] Permis Moto VALLAURIS GOLFE-JUAN 06220","isPartOf":{"@id":"https:\/\/auto-ecole-du-golfe.fr\/#website"},"primaryImageOfPage":{"@id":"https:\/\/auto-ecole-du-golfe.fr\/index.php\/2-roues\/#primaryimage"},"image":{"@id":"https:\/\/auto-ecole-du-golfe.fr\/index.php\/2-roues\/#primaryimage"},"thumbnailUrl":"https:\/\/auto-ecole-du-golfe.fr\/wp-content\/uploads\/2021\/09\/moto6-1024x1024.jpg","datePublished":"2021-08-09T16:15:18+00:00","dateModified":"2022-01-18T18:30:13+00:00","description":"Le permis A1 permet de conduire les v\u00e9hicules suivants : Moto l\u00e9g\u00e8re (avec ou sans side-car) d'une cylindr\u00e9e maximale de 125 cm\u00b3, d'une puissance n'exc\u00e9dant pas 11 kW et dont le rapport puissance\/poids ne d\u00e9passe pas 0,1 kW \/kg. 3 roues d'une puissance maximale de 15 kW.","breadcrumb":{"@id":"https:\/\/auto-ecole-du-golfe.fr\/index.php\/2-roues\/#breadcrumb"},"inLanguage":"fr-FR","potentialAction":[{"@type":"ReadAction","target":["https:\/\/auto-ecole-du-golfe.fr\/index.php\/2-roues\/"]}]},{"@type":"ImageObject","inLanguage":"fr-FR","@id":"https:\/\/auto-ecole-du-golfe.fr\/index.php\/2-roues\/#primaryimage","url":"https:\/\/auto-ecole-du-golfe.fr\/wp-content\/uploads\/2021\/09\/moto6.jpg","contentUrl":"https:\/\/auto-ecole-du-golfe.fr\/wp-content\/uploads\/2021\/09\/moto6.jpg","width":1080,"height":1080},{"@type":"BreadcrumbList","@id":"https:\/\/auto-ecole-du-golfe.fr\/index.php\/2-roues\/#breadcrumb","itemListElement":[{"@type":"ListItem","position":1,"name":"Accueil","item":"https:\/\/auto-ecole-du-golfe.fr\/"},{"@type":"ListItem","position":2,"name":"2 roues"}]},{"@type":"WebSite","@id":"https:\/\/auto-ecole-du-golfe.fr\/#website","url":"https:\/\/auto-ecole-du-golfe.fr\/","name":"","description":"","publisher":{"@id":"https:\/\/auto-ecole-du-golfe.fr\/#organization"},"potentialAction":[{"@type":"SearchAction","target":{"@type":"EntryPoint","urlTemplate":"https:\/\/auto-ecole-du-golfe.fr\/?s={search_term_string}"},"query-input":"required name=search_term_string"}],"inLanguage":"fr-FR"},{"@type":"Organization","@id":"https:\/\/auto-ecole-du-golfe.fr\/#organization","name":"Auto ecole du Golfe","url":"https:\/\/auto-ecole-du-golfe.fr\/","logo":{"@type":"ImageObject","inLanguage":"fr-FR","@id":"https:\/\/auto-ecole-du-golfe.fr\/#\/schema\/logo\/image\/","url":"https:\/\/auto-ecole-du-golfe.fr\/wp-content\/uploads\/2021\/12\/cropped-logo.jpg","contentUrl":"https:\/\/auto-ecole-du-golfe.fr\/wp-content\/uploads\/2021\/12\/cropped-logo.jpg","width":512,"height":512,"caption":"Auto ecole du Golfe"},"image":{"@id":"https:\/\/auto-ecole-du-golfe.fr\/#\/schema\/logo\/image\/"},"sameAs":["https:\/\/www.facebook.com\/autoecoledugolfe"]}]}},"_links":{"self":[{"href":"https:\/\/auto-ecole-du-golfe.fr\/index.php\/wp-json\/wp\/v2\/pages\/2"}],"collection":[{"href":"https:\/\/auto-ecole-du-golfe.fr\/index.php\/wp-json\/wp\/v2\/pages"}],"about":[{"href":"https:\/\/auto-ecole-du-golfe.fr\/index.php\/wp-json\/wp\/v2\/types\/page"}],"author":[{"embeddable":true,"href":"https:\/\/auto-ecole-du-golfe.fr\/index.php\/wp-json\/wp\/v2\/users\/1"}],"replies":[{"embeddable":true,"href":"https:\/\/auto-ecole-du-golfe.fr\/index.php\/wp-json\/wp\/v2\/comments?post=2"}],"version-history":[{"count":35,"href":"https:\/\/auto-ecole-du-golfe.fr\/index.php\/wp-json\/wp\/v2\/pages\/2\/revisions"}],"predecessor-version":[{"id":1461,"href":"https:\/\/auto-ecole-du-golfe.fr\/index.php\/wp-json\/wp\/v2\/pages\/2\/revisions\/1461"}],"wp:attachment":[{"href":"https:\/\/auto-ecole-du-golfe.fr\/index.php\/wp-json\/wp\/v2\/media?parent=2"}],"curies":[{"name":"wp","href":"https:\/\/api.w.org\/{rel}","templated":true}]}}